composite?
False
Suppose 25 = 3*u + 1. Is (u - 0) + (-2 - -5) prime?
True
Let g = -6 + 8. Suppose 3*t + 20 = -g*t, 4*y - 16 = 2*t. Suppose 361 = 3*l - 4*v, 4*v = -0*l + y*l - 234. Is l a composite number?
False
Let f be 199/(-5) + 1/(-5). Let m = -27 + f. Is (m/4)/(5/(-20)) a composite number?
False
Is (93/(-6) + -3)*-4 composite?
True
Let o(x) = x**2 + 9*x + 7. Let r be (2 + -4 + 11)/(-1). Is o(r) composite?
False
Let b(i) = 3*i**3 - 9*i**2 - 8*i - 1. Let r be b(11). Suppose 0 = c + 4*c - r. Is c a composite number?
False
Suppose -5*j - 6 = -1, -5*g - 3*j = -367. Is g composite?
True
Suppose 2*a = 5 + 9. Suppose -2*f - a - 3 = -4*i, i - 20 = 4*f. Suppose i = m - 67 - 16. Is m composite?
False
Suppose -3*u - 3*p + 540 = 0, 4*p + 368 = 3*u - 165. Let b be (5 - 3 - 1)*5. Suppose 3*h - 4*h - 82 = -i, u = 2*i - b*h. Is i composite?
True
Let h(g) = g + 7. Let w be h(5). Suppose -5*q + 11 = 2*n - w, 4*n - 4*q = -24. Let r(j) = 6*j**2 - j - 1. Is r(n) a prime number?
False
Suppose k = -3*k + 28. Is 385/k - (-2 + 0) prime?
False
Let q be (-3)/(2 - -1) + 5. Suppose 0 = 5*i + 3*l - 16 + q, -5*l + 10 = 5*i. Suppose i*a = 193 - 34. Is a a composite number?
False
Let t(f) = 63*f**3 + 3*f**2 + f - 4. Is t(3) composite?
True
Let z be (-1 - 5)/(12/(-8)). Suppose -3*d - o = -758, -z*d + 2*o + 1009 = 5*o. Is d a composite number?
True
Let r(s) = -2*s + 2. Let q be r(-3). Suppose -3*k + 5*f = -q*k + 2055, 4*f = 4*k - 1628. Is k a prime number?
True
Let s(o) = -o**2 - 1. Let u(i) = -i**3 + 4*i**2 + 4*i + 5. Let p be u(5). Let k be s(p). Is (2 + 1 + -38)/k composite?
True
Let q = -1 - -2. Let y = q + -1. Suppose y = 2*f + 2*f + 12, -144 = -3*r - 5*f. Is r a prime number?
True
Suppose 5*b + 2737 = 3*g, 2*g - b = -0*b + 1827. Is g prime?
False
Let t be 2/(-2)*(-1 - -4). Let y be t*(-1 + 2/(-3)). Let x(n) = -n**2 + 8*n + 4. Is x(y) composite?
False
Let x = 44 - 5. Is x composite?
True
Let w(g) = g**3 + 10*g**2 - 15*g - 1. Let n be w(-10). Suppose 2*l - 3*l = -n. Is l a composite number?
False
Suppose 0 = -p - 2*p + 264. Suppose 2*s - p = -2*s. Is s a composite number?
True
Let r(s) = -7*s**2 - 7*s + 6. Let u be r(4). Is -3*(u/6)/1 composite?
False
Let j = -6 - -12. Suppose 2*h = j*h - 124. Is h composite?
False
Let k be (-1 + 3)/1 + 109. Suppose -n = 2*n - k. Is n a composite number?
False
Let d(q) = 32*q**3 + q**2 + 2. Let w be d(2). Suppose -4*y = -5*f + 491, 335 + 201 = -4*y - 4*f. Let i = w + y. Is i a prime number?
False
Suppose 18 - 6 = 4*w. Suppose -w*h - z + 653 = 2*h, 0 = h - 2*z - 124. Let q = h + -41. Is q prime?
True
Let j(i) = 135*i. Let w be j(-2). Let o be 558 + 5*(4 + -3). Let p = w + o. Is p a prime number?
True
Is (2428 - -9)/((-1)/(-1)) prime?
True
Suppose a - 5*a = 2*i - 2, 2*a - 2*i + 2 = 0. Suppose a = -4*g + g + 639. Is g a composite number?
True
Let n(q) = q**3 + 4*q + 3 - 9 - 7*q**2 + 2*q**2. Let g be n(6). Let y = g - 31. Is y a composite number?
False
Suppose 0 = 3*b - 872 + 119. Is b prime?
True
Let k be 3 - (-3)/(-6)*-2. Let w = k + -8. Is (-1545)/(-33) + w/(-22) a prime number?
True
Let c be 3*28*(-4)/6. Suppose 0 = -a + 34 - 133. Let h = c - a. Is h composite?
False
Let z(w) = 5 + 21*w + 1 + 1 - 8*w. Is z(6) composite?
True
Let o(x) = 2*x**2 + 2*x + 3. Suppose 8*n - 3*n = -10. Let t be o(n). Suppose 4*a = t*j - 3*j + 100, 4*a - j - 94 = 0. Is a a prime number?
True
Let z(x) = -4*x**3 - 2*x + 1. Let c be z(1). Let p(l) = -25*l + 2. Is p(c) a prime number?
True
Suppose 443 = 4*x + 111. Is x prime?
True
Suppose d = -4*w + 767, 2*d - 4*w + 866 - 2352 = 0. Is d a prime number?
True
Let a(v) = v**3 - 5*v**2 + 3*v - 5. Let o be a(4). Is (-3)/o - 676/(-6) prime?
True
Let v(l) = -l**2 + 3*l + 4. Let k be v(-4). Let z be ((-15)/(-6))/(3/k). Let j = 39 + z. Is j composite?
False
Let d(z) be the third derivative of 5*z**4/12 - z**3/2 + z**2. Let g = 43 + -38. Is d(g) prime?
True
Let a = 274 + -129. Is a a prime number?
False
Is 3/(24/(-38))*-12 a composite number?
True
Suppose -25 = -j + 6. Suppose 5*c - 5*d - 9 = j, 4*c + 2*d - 2 = 0. Let s(f) = f**3 + 2*f**2 - f + 4. Is s(c) prime?
False
Suppose 3 = 2*d - 3. Is (0 + -38)*d/(-6) a composite number?
False
Let r(z) = 20*z**2 + z + 22*z**2 - 7*z**2. Let v be r(-1). Let l = v + -13. Is l a prime number?
False
Let f(x) be the second derivative of -1/10*x**5 + 3/2*x**2 + x**3 - 1/12*x**4 - x + 0. Is f(-4) a prime number?
False
Let z(u) = 13*u**2 - 3*u + 1. Suppose -2*h - 3 = -h + 3*f, -3*f - 15 = -3*h. Suppose -3*i + h = -4*i. Is z(i) composite?
False
Suppose 4*b = -b. Suppose b = 2*h - 2*l - 3*l - 357, -178 = -h + 3*l. Is h a composite number?
False
Let f be 3/(-4)*(0 - 20). Let d be f/((-21)/6 + 2). Let l = 99 + d. Is l a composite number?
False
Suppose 3*r + 0*r = 0. Suppose -2*w + 281 - 45 = 5*g, -3*g = -4*w - 126. Suppose -i + 0*i + g = r. Is i a composite number?
True
Let y(h) = h**2 - 3*h - 7. Let o be y(5). Suppose 48 = 3*x + 6*f - o*f, 4*x + 3*f - 67 = 0. Is x composite?
False
Let g(j) = j**2 - 4*j - 1. Let o be g(5). Suppose 116 = o*v - 24. Is v a prime number?
False
Let r(h) = 1 + 7*h - h**3 - 3 + 3*h**2 - 5*h. Let y(f) = -f**2 + f - 1. Let b(j) = -r(j) - y(j). Is b(4) a composite number?
False
Suppose -2*c + 4*z + 56 = 2*c, 0 = 3*c + 5*z - 10. Let y(w) = -c + 2 + 13*w + 0*w. Is y(7) a prime number?
True
Suppose 2*p = 3*p. Suppose -21 = -l + 2*t, -2*l - 3*t + 49 = -p*l. Is l prime?
True
Suppose 2*c + 6*l - 19 = 3*l, 0 = 2*c - 5*l + 21. Let m = 3 - c. Is m/(114/111 - 1) a prime number?
True
Let g(r) = -1195*r + 3. Is g(-2) a composite number?
False
Let a(z) = 66*z + 11. Is a(7) a prime number?
False
Is ((-60)/36)/(1435/(-717) + 2) prime?
False
Let z(t) = -4*t - 4*t + 4*t + 2*t. Let l be z(-1). Is (-1 - (l - 79)) + -2 a prime number?
False
Suppose 31 + 9 = 5*m. Let o be m/(-6)*(4 + -7). Suppose 142 = 2*k + o*p, -p - 4 = -0. Is k composite?
False
Let r(f) = 10*f + 9. Let b(x) = 11*x + 8. Let l(s) = -3*b(s) + 4*r(s). Let c(j) = j - 1. Let h(q) = -4*c(q) - l(q). Is h(-7) a composite number?
True
Let q(k) = 2*k + 8*k**2 + 9 + 0*k + 2*k**3 + k - 3*k**3. Is q(8) a composite number?
True
Let r = 3 + -2. Let g = r + -28. Let s = g + 80. Is s a prime number?
True
Let u(z) = -z. Let f be u(-4). Suppose -14 = v - 281. Suppose f*w - v = w. Is w prime?
True
Suppose -5 = 2*k - 91. Is k prime?
True
Let d(w) = 7*w**2 - 3*w. Let i be d(-11). Suppose 4*g = b - 239, -4*b + i = g + 2*g. Is b a composite number?
False
Is 1/((4/(-5276))/(-1)) composite?
False
Let x(v) = -14*v**3 - v**2 - 2*v - 3. Is x(-2) a composite number?
False
Let s = -27 + 38. Let x = 18 - s. Is x a prime number?
True
Let f = 4 + -128. Let g = f + 269. Is g a composite number?
True
Let x(l) = l + 1. Let t be x(-1). Suppose 2*c - 378 + 20 = t. Is c a composite number?
False
Suppose 0 = j - 323 - 56. Is j prime?
True
Suppose 3*h - 5*h = -6. Let d = 31 + -29. Suppose -3*r + 337 = -d*j + 6*j, -h*j + 3*r + 258 = 0. Is j composite?
True
Let j(v) = 5*v**3 - 23*v**2 + 5*v + 7. Is j(8) composite?
True
Suppose 0 = 5*n + 15, 0*n - 441 = 5*c - 3*n. Let p = 49 - c. Is p a prime number?
True
Suppose -2*q = -403 - 631. Is q a composite number?
True
Let q be (15/(-10))/(6/(-1016)). Let l = 397 - q. Is l composite?
True
Is (0/(-4) + 1397)/1 prime?
False
Let o be 92/(-6) - 2/3. Let r be 0 - (-2 - -3) - o. Is 54/r - (-4)/10 a composite number?
True
Suppose 2*q - 20 = u, 2*u - 32 = -3*q + 4*u. Let o = q + -5. Is o - (0 + -158 + -2) prime?
True
Let y be -36*(3/(-9) + 1). Let w = -9 - y. Is w prime?
False
Let g = -63 - -1702. Is g composite?
True
Let o be 2/7 + (-220)/(-14). Suppose o - 100 = -4*k. Is k composite?
True
Let g = 1096 - 28. Suppose 0 = 4*x - 3*p - 175 - 873, 4*x + 2*p = g. Is x prime?
False
Suppose 2*k + 15 = 5*k. Let a(f) = 12*f - 7. Is a(k) composite?
False
Suppose -4*d - 3*p + 782 = 0, 0*p = -3*d - 3*p + 588. Suppose 3*j - d - 133 = 0. Is j composite?
False
Suppose 955 = -3*i + 4*i. Is i a composite number?
True
Let z(a) = -31*a - 4. Let d = -9 - -6. Is z(d) composite?
False
Let g = 7 - 5. Suppose -590 = -4*u - 3*o, -3*u + g*o + 3*o + 457 = 0. Is u composite?
False
Suppose 1883 = 6*j - 8911. Is j composite?
True
Is -237*3/(18/(-4)) a prime number?
False
Suppose -6*m + 562 = -8. Is m a composite number?
True
Let x be 1/(-3) + 105/(-9). Let d(j) 